{"id":25,"date":"2022-01-01T20:32:42","date_gmt":"2022-01-01T20:32:42","guid":{"rendered":"https:\/\/pegaso-srl.com\/?page_id=25"},"modified":"2022-01-03T11:32:40","modified_gmt":"2022-01-03T11:32:40","slug":"chi-siamo","status":"publish","type":"page","link":"https:\/\/pegaso-srl.com\/?page_id=25","title":{"rendered":"Chi siamo"},"content":{"rendered":"\t\t<div data-elementor-type=\"wp-page\" data-elementor-id=\"25\" class=\"elementor elementor-25\" data-elementor-settings=\"[]\">\n\t\t\t\t\t\t\t<div class=\"elementor-section-wrap\">\n\t\t\t\t\t\t\t<section class=\"elementor-section elementor-top-section elementor-element elementor-element-9b64ea8 elementor-section-boxed elementor-section-height-default elementor-section-height-default\" data-id=\"9b64ea8\" data-element_type=\"section\">\n\t\t\t\t\t\t<div class=\"elementor-container elementor-column-gap-default\">\n\t\t\t\t\t<div class=\"elementor-column elementor-col-50 elementor-top-column elementor-element elementor-element-5796c27\" data-id=\"5796c27\" data-element_type=\"column\">\n\t\t\t<div class=\"elementor-widget-wrap elementor-element-populated\">\n\t\t\t\t\t\t\t\t<div class=\"elementor-element elementor-element-ad7930b elementor-widget elementor-widget-image\" data-id=\"ad7930b\" data-element_type=\"widget\" data-widget_type=\"image.default\">\n\t\t\t\t<div class=\"elementor-widget-container\">\n\t\t\t<style>\/*! elementor - v3.5.3 - 28-12-2021 *\/\n.elementor-widget-image{text-align:center}.elementor-widget-image a{display:inline-block}.elementor-widget-image a img[src$=\".svg\"]{width:48px}.elementor-widget-image img{vertical-align:middle;display:inline-block}<\/style>\t\t\t\t\t\t\t\t\t\t\t\t<img loading=\"lazy\" decoding=\"async\" width=\"1024\" height=\"1024\" src=\"https:\/\/pegaso-srl.com\/wp-content\/uploads\/2022\/01\/Team-goals-rafiki-2-1024x1024.png\" class=\"attachment-large size-large\" alt=\"\" srcset=\"https:\/\/pegaso-srl.com\/wp-content\/uploads\/2022\/01\/Team-goals-rafiki-2-1024x1024.png 1024w, https:\/\/pegaso-srl.com\/wp-content\/uploads\/2022\/01\/Team-goals-rafiki-2-300x300.png 300w, https:\/\/pegaso-srl.com\/wp-content\/uploads\/2022\/01\/Team-goals-rafiki-2-150x150.png 150w, https:\/\/pegaso-srl.com\/wp-content\/uploads\/2022\/01\/Team-goals-rafiki-2-768x768.png 768w, https:\/\/pegaso-srl.com\/wp-content\/uploads\/2022\/01\/Team-goals-rafiki-2-1536x1536.png 1536w, https:\/\/pegaso-srl.com\/wp-content\/uploads\/2022\/01\/Team-goals-rafiki-2.png 2000w\" sizes=\"auto, (max-width: 1024px) 100vw, 1024px\" \/>\t\t\t\t\t\t\t\t\t\t\t\t\t\t\t<\/div>\n\t\t\t\t<\/div>\n\t\t\t\t\t<\/div>\n\t\t<\/div>\n\t\t\t\t<div class=\"elementor-column elementor-col-50 elementor-top-column elementor-element elementor-element-ed5c197\" data-id=\"ed5c197\" data-element_type=\"column\">\n\t\t\t<div class=\"elementor-widget-wrap elementor-element-populated\">\n\t\t\t\t\t\t\t\t<div class=\"elementor-element elementor-element-3793801 elementor-widget elementor-widget-text-editor\" data-id=\"3793801\" data-element_type=\"widget\" data-widget_type=\"text-editor.default\">\n\t\t\t\t<div class=\"elementor-widget-container\">\n\t\t\t<style>\/*! elementor - v3.5.3 - 28-12-2021 *\/\n.elementor-widget-text-editor.elementor-drop-cap-view-stacked .elementor-drop-cap{background-color:#818a91;color:#fff}.elementor-widget-text-editor.elementor-drop-cap-view-framed .elementor-drop-cap{color:#818a91;border:3px solid;background-color:transparent}.elementor-widget-text-editor:not(.elementor-drop-cap-view-default) .elementor-drop-cap{margin-top:8px}.elementor-widget-text-editor:not(.elementor-drop-cap-view-default) .elementor-drop-cap-letter{width:1em;height:1em}.elementor-widget-text-editor .elementor-drop-cap{float:left;text-align:center;line-height:1;font-size:50px}.elementor-widget-text-editor .elementor-drop-cap-letter{display:inline-block}<\/style>\t\t\t\t<p>La <strong>Pegaso Informatica Srl<\/strong> \u00e8 una societ\u00e0 nata il <strong>22 Gennaio dell\u2019anno 1996<\/strong> con un capitale sociale di 20.000\u20ac.<span class=\"Apple-converted-space\">\u00a0<\/span><\/p><p>La missione, sino alla met\u00e0 del 1996, \u00e8 stata la manutenzione di PC e Stampanti di varie marche oltre all\u2019assemblaggio e vendita di Pc Compatibili con marchio Pegaso.<\/p><p>Alla met\u00e0 del 1996 con l\u2019affiliazione di una Software House proprietaria di un Software Applicativo Orizzontale, si \u00e8 deciso di dare una missione pi\u00f9 vasta e completa alla societ\u00e0, ponendo come obiettivo la presenza della Pegaso sul mercato come <strong>fornitore di Servizi<\/strong> oltre che prodotti Hardware\/Software.<\/p><p>Negli anni ha maturato esperienza ed elevate competenze.\u00a0<\/p><p>Nel <strong>settembre 2010<\/strong> avviene l\u2019ultimo trasferimento di locazione nell\u2019attuale sede. Con l\u2019occasione viene aperto per la prima volta il negozio al dettaglio offrendo prodotti e la propria assistenza anche a un pubblico privato.<\/p>\t\t\t\t\t\t<\/div>\n\t\t\t\t<\/div>\n\t\t\t\t\t<\/div>\n\t\t<\/div>\n\t\t\t\t\t\t\t<\/div>\n\t\t<\/section>\n\t\t\t\t\t\t<\/div>\n\t\t\t\t\t<\/div>\n\t\t","protected":false},"excerpt":{"rendered":"<p>La Pegaso Informatica Srl \u00e8 una societ\u00e0 nata il 22 Gennaio dell\u2019anno 1996 con un capitale sociale di 20.000\u20ac.\u00a0 La missione, sino alla met\u00e0 del 1996, \u00e8 stata la manutenzione di PC e Stampanti di varie marche oltre all\u2019assemblaggio e vendita di Pc Compatibili con marchio Pegaso. Alla met\u00e0 del 1996 con l\u2019affiliazione di una [&hellip;]<\/p>\n","protected":false},"author":1,"featured_media":0,"parent":0,"menu_order":0,"comment_status":"closed","ping_status":"closed","template":"","meta":{"footnotes":""},"class_list":["post-25","page","type-page","status-publish","hentry","entry"],"_links":{"self":[{"href":"https:\/\/pegaso-srl.com\/index.php?rest_route=\/wp\/v2\/pages\/25","targetHints":{"allow":["GET"]}}],"collection":[{"href":"https:\/\/pegaso-srl.com\/index.php?rest_route=\/wp\/v2\/pages"}],"about":[{"href":"https:\/\/pegaso-srl.com\/index.php?rest_route=\/wp\/v2\/types\/page"}],"author":[{"embeddable":true,"href":"https:\/\/pegaso-srl.com\/index.php?rest_route=\/wp\/v2\/users\/1"}],"replies":[{"embeddable":true,"href":"https:\/\/pegaso-srl.com\/index.php?rest_route=%2Fwp%2Fv2%2Fcomments&post=25"}],"version-history":[{"count":10,"href":"https:\/\/pegaso-srl.com\/index.php?rest_route=\/wp\/v2\/pages\/25\/revisions"}],"predecessor-version":[{"id":169,"href":"https:\/\/pegaso-srl.com\/index.php?rest_route=\/wp\/v2\/pages\/25\/revisions\/169"}],"wp:attachment":[{"href":"https:\/\/pegaso-srl.com\/index.php?rest_route=%2Fwp%2Fv2%2Fmedia&parent=25"}],"curies":[{"name":"wp","href":"https:\/\/api.w.org\/{rel}","templated":true}]}}